{"id":1372,"date":"2025-06-11T19:28:42","date_gmt":"2025-06-11T17:28:42","guid":{"rendered":"https:\/\/comitedesfeteskermouster.fr\/?post_type=tribe_events&#038;p=1372"},"modified":"2025-07-29T19:20:04","modified_gmt":"2025-07-29T17:20:04","slug":"vide-grenier-2025","status":"publish","type":"tribe_events","link":"https:\/\/comitedesfeteskermouster.fr\/index.php\/event\/vide-grenier-2025\/","title":{"rendered":"Vide-grenier 2025"},"content":{"rendered":"<p>\ud83e\udd20 Le Comit\u00e9 des F\u00eates de Kermouster a le plaisir de vous annoncer le retour de son vide-grenier champ\u00eatre : le <strong>dimanche 20 juillet 2025 de 9h \u00e0 18h<\/strong> !<\/p>\n<p>\ud83c\udf3b\ud83d\udc04 Venez nombreux \u00e0 Kermouster, profiter de cette <strong>journ\u00e9e de brocante en plein air<\/strong> avec 75 exposants particuliers et professionnels (+ de 250 m lin\u00e9aires), des animations pour toute la famille (des structures gonflables \ud83e\udd38\ud83d\udedd pour les enfants et le retour de l&rsquo;expo des \ud83d\ude9c vieux tracteurs !), de la restauration, des cr\u00eapes et une buvette.<\/p>\n<p>\ud83d\ude4b <strong>Exposants : <\/strong>Inscrivez-vous \u00e0 partir du 15 juin, et avant le 15 juillet ! <strong>Emplacements nus de 25 m2 \u00e0 15\u20ac<\/strong> (espace de 5 x 5 m avec possibilit\u00e9 de garer votre v\u00e9hicule sur place), soit 3\u20ac le m\u00e8tre lin\u00e9aire.<\/p>\n<p><em>Pour plus d\u2019informations sur le d\u00e9roulement de ce vide-grenier, <a href=\"https:\/\/comitedesfeteskermouster.fr\/wp-content\/uploads\/2025\/06\/vide-grenier-CFK-2025-infos-pratiques.pdf\" target=\"_blank\" rel=\"noreferrer noopener\">cliquez ici.<\/a> <\/em><\/p>\n<p>\ud83d\udcdd <strong>R\u00e9servez <\/strong>votre espace exposant d\u00e8s maintenant, en compl\u00e9tant <strong>notre formulaire d&rsquo;inscription en ligne disponible ici<\/strong>.<\/p>\n","protected":false},"excerpt":{"rendered":"<p>\ud83e\udd20 Le Comit\u00e9 des F\u00eates de Kermouster a le plaisir de vous annoncer le retour de son vide-grenier champ\u00eatre : le dimanche 20 juillet 2025 de 9h \u00e0 18h ! &hellip; <a href=\"https:\/\/comitedesfeteskermouster.fr\/index.php\/event\/vide-grenier-2025\/\" class=\"more-link\">Voulez-vous en savoir plus ? <span class=\"screen-reader-text\">Vide-grenier 2025<\/span><\/a><\/p>\n","protected":false},"author":3,"featured_media":0,"template":"","meta":{"_tribe_events_status":"","_tribe_events_status_reason":"","footnotes":""},"tags":[],"tribe_events_cat":[9],"class_list":["post-1372","tribe_events","type-tribe_events","status-publish","hentry","tribe_events_cat-vide-greniers","cat_vide-greniers"],"yoast_head":"<!-- This site is optimized with the Yoast SEO plugin v27.5 - https:\/\/yoast.com\/product\/yoast-seo-wordpress\/ -->\n<title>Vide-grenier 2025 - Comit\u00e9 des F\u00eates de Kermouster<\/title>\n<meta name=\"description\" content=\"Vide-grenier anim\u00e9 en plein air, dimanche 20 juillet 2025 de 9h \u00e0 18h, \u00e0 Kermouster (Plougasnou). Exposants, inscrivez-vous en ligne !\" \/>\n<meta name=\"robots\" content=\"index, follow, max-snippet:-1, max-image-preview:large, max-video-preview:-1\" \/>\n<link rel=\"canonical\" href=\"https:\/\/comitedesfeteskermouster.fr\/index.php\/event\/vide-grenier-2025\/\" \/>\n<meta property=\"og:locale\" content=\"fr_FR\" \/>\n<meta property=\"og:type\" content=\"article\" \/>\n<meta property=\"og:title\" content=\"Vide-grenier 2025 - Comit\u00e9 des F\u00eates de Kermouster\" \/>\n<meta property=\"og:description\" content=\"Vide-grenier anim\u00e9 en plein air, dimanche 20 juillet 2025 de 9h \u00e0 18h, \u00e0 Kermouster (Plougasnou). Exposants, inscrivez-vous en ligne !\" \/>\n<meta property=\"og:url\" content=\"https:\/\/comitedesfeteskermouster.fr\/index.php\/event\/vide-grenier-2025\/\" \/>\n<meta property=\"og:site_name\" content=\"Comit\u00e9 des F\u00eates de Kermouster\" \/>\n<meta property=\"article:publisher\" content=\"https:\/\/www.facebook.com\/comitedesfeteskermouster\" \/>\n<meta property=\"article:modified_time\" content=\"2025-07-29T17:20:04+00:00\" \/>\n<meta property=\"og:image\" content=\"https:\/\/i0.wp.com\/comitedesfeteskermouster.fr\/wp-content\/uploads\/2022\/01\/kermouster_mobile.png?fit=1071%2C489&ssl=1\" \/>\n\t<meta property=\"og:image:width\" content=\"1071\" \/>\n\t<meta property=\"og:image:height\" content=\"489\" \/>\n\t<meta property=\"og:image:type\" content=\"image\/png\" \/>\n<meta name=\"twitter:card\" content=\"summary_large_image\" \/>\n<meta name=\"twitter:label1\" content=\"Dur\u00e9e de lecture estim\u00e9e\" \/>\n\t<meta name=\"twitter:data1\" content=\"1 minute\" \/>\n<script type=\"application\/ld+json\" class=\"yoast-schema-graph\">{\"@context\":\"https:\\\/\\\/schema.org\",\"@graph\":[{\"@type\":\"WebPage\",\"@id\":\"https:\\\/\\\/comitedesfeteskermouster.fr\\\/index.php\\\/event\\\/vide-grenier-2025\\\/\",\"url\":\"https:\\\/\\\/comitedesfeteskermouster.fr\\\/index.php\\\/event\\\/vide-grenier-2025\\\/\",\"name\":\"Vide-grenier 2025 - Comit\u00e9 des F\u00eates de Kermouster\",\"isPartOf\":{\"@id\":\"https:\\\/\\\/comitedesfeteskermouster.fr\\\/#website\"},\"datePublished\":\"2025-06-11T17:28:42+00:00\",\"dateModified\":\"2025-07-29T17:20:04+00:00\",\"description\":\"Vide-grenier anim\u00e9 en plein air, dimanche 20 juillet 2025 de 9h \u00e0 18h, \u00e0 Kermouster (Plougasnou). Exposants, inscrivez-vous en ligne !\",\"breadcrumb\":{\"@id\":\"https:\\\/\\\/comitedesfeteskermouster.fr\\\/index.php\\\/event\\\/vide-grenier-2025\\\/#breadcrumb\"},\"inLanguage\":\"fr-FR\",\"potentialAction\":[{\"@type\":\"ReadAction\",\"target\":[\"https:\\\/\\\/comitedesfeteskermouster.fr\\\/index.php\\\/event\\\/vide-grenier-2025\\\/\"]}]},{\"@type\":\"BreadcrumbList\",\"@id\":\"https:\\\/\\\/comitedesfeteskermouster.fr\\\/index.php\\\/event\\\/vide-grenier-2025\\\/#breadcrumb\",\"itemListElement\":[{\"@type\":\"ListItem\",\"position\":1,\"name\":\"Accueil - Comit\u00e9 des F\u00eates de Kermouster\",\"item\":\"https:\\\/\\\/comitedesfeteskermouster.fr\\\/\"},{\"@type\":\"ListItem\",\"position\":2,\"name\":\"\u00c9v\u00e8nements\",\"item\":\"https:\\\/\\\/comitedesfeteskermouster.fr\\\/index.php\\\/events\\\/\"},{\"@type\":\"ListItem\",\"position\":3,\"name\":\"Vide-grenier 2025\"}]},{\"@type\":\"WebSite\",\"@id\":\"https:\\\/\\\/comitedesfeteskermouster.fr\\\/#website\",\"url\":\"https:\\\/\\\/comitedesfeteskermouster.fr\\\/\",\"name\":\"Comit\u00e9 des F\u00eates de Kermouster\",\"description\":\"\",\"publisher\":{\"@id\":\"https:\\\/\\\/comitedesfeteskermouster.fr\\\/#organization\"},\"potentialAction\":[{\"@type\":\"SearchAction\",\"target\":{\"@type\":\"EntryPoint\",\"urlTemplate\":\"https:\\\/\\\/comitedesfeteskermouster.fr\\\/?s={search_term_string}\"},\"query-input\":{\"@type\":\"PropertyValueSpecification\",\"valueRequired\":true,\"valueName\":\"search_term_string\"}}],\"inLanguage\":\"fr-FR\"},{\"@type\":\"Organization\",\"@id\":\"https:\\\/\\\/comitedesfeteskermouster.fr\\\/#organization\",\"name\":\"Comit\u00e9 des f\u00eates de Kermouster\",\"url\":\"https:\\\/\\\/comitedesfeteskermouster.fr\\\/\",\"logo\":{\"@type\":\"ImageObject\",\"inLanguage\":\"fr-FR\",\"@id\":\"https:\\\/\\\/comitedesfeteskermouster.fr\\\/#\\\/schema\\\/logo\\\/image\\\/\",\"url\":\"https:\\\/\\\/i0.wp.com\\\/comitedesfeteskermouster.fr\\\/wp-content\\\/uploads\\\/2021\\\/12\\\/cropped-cropped-logo.png?fit=480%2C214&ssl=1\",\"contentUrl\":\"https:\\\/\\\/i0.wp.com\\\/comitedesfeteskermouster.fr\\\/wp-content\\\/uploads\\\/2021\\\/12\\\/cropped-cropped-logo.png?fit=480%2C214&ssl=1\",\"width\":480,\"height\":214,\"caption\":\"Comit\u00e9 des f\u00eates de Kermouster\"},\"image\":{\"@id\":\"https:\\\/\\\/comitedesfeteskermouster.fr\\\/#\\\/schema\\\/logo\\\/image\\\/\"},\"sameAs\":[\"https:\\\/\\\/www.facebook.com\\\/comitedesfeteskermouster\"]}]}<\/script>\n<!-- \/ Yoast SEO plugin. -->","yoast_head_json":{"title":"Vide-grenier 2025 - Comit\u00e9 des F\u00eates de Kermouster","description":"Vide-grenier anim\u00e9 en plein air, dimanche 20 juillet 2025 de 9h \u00e0 18h, \u00e0 Kermouster (Plougasnou). Exposants, inscrivez-vous en ligne !","robots":{"index":"index","follow":"follow","max-snippet":"max-snippet:-1","max-image-preview":"max-image-preview:large","max-video-preview":"max-video-preview:-1"},"canonical":"https:\/\/comitedesfeteskermouster.fr\/index.php\/event\/vide-grenier-2025\/","og_locale":"fr_FR","og_type":"article","og_title":"Vide-grenier 2025 - Comit\u00e9 des F\u00eates de Kermouster","og_description":"Vide-grenier anim\u00e9 en plein air, dimanche 20 juillet 2025 de 9h \u00e0 18h, \u00e0 Kermouster (Plougasnou). Exposants, inscrivez-vous en ligne !","og_url":"https:\/\/comitedesfeteskermouster.fr\/index.php\/event\/vide-grenier-2025\/","og_site_name":"Comit\u00e9 des F\u00eates de Kermouster","article_publisher":"https:\/\/www.facebook.com\/comitedesfeteskermouster","article_modified_time":"2025-07-29T17:20:04+00:00","og_image":[{"width":1071,"height":489,"url":"https:\/\/i0.wp.com\/comitedesfeteskermouster.fr\/wp-content\/uploads\/2022\/01\/kermouster_mobile.png?fit=1071%2C489&ssl=1","type":"image\/png"}],"twitter_card":"summary_large_image","twitter_misc":{"Dur\u00e9e de lecture estim\u00e9e":"1 minute"},"schema":{"@context":"https:\/\/schema.org","@graph":[{"@type":"WebPage","@id":"https:\/\/comitedesfeteskermouster.fr\/index.php\/event\/vide-grenier-2025\/","url":"https:\/\/comitedesfeteskermouster.fr\/index.php\/event\/vide-grenier-2025\/","name":"Vide-grenier 2025 - Comit\u00e9 des F\u00eates de Kermouster","isPartOf":{"@id":"https:\/\/comitedesfeteskermouster.fr\/#website"},"datePublished":"2025-06-11T17:28:42+00:00","dateModified":"2025-07-29T17:20:04+00:00","description":"Vide-grenier anim\u00e9 en plein air, dimanche 20 juillet 2025 de 9h \u00e0 18h, \u00e0 Kermouster (Plougasnou). Exposants, inscrivez-vous en ligne !","breadcrumb":{"@id":"https:\/\/comitedesfeteskermouster.fr\/index.php\/event\/vide-grenier-2025\/#breadcrumb"},"inLanguage":"fr-FR","potentialAction":[{"@type":"ReadAction","target":["https:\/\/comitedesfeteskermouster.fr\/index.php\/event\/vide-grenier-2025\/"]}]},{"@type":"BreadcrumbList","@id":"https:\/\/comitedesfeteskermouster.fr\/index.php\/event\/vide-grenier-2025\/#breadcrumb","itemListElement":[{"@type":"ListItem","position":1,"name":"Accueil - Comit\u00e9 des F\u00eates de Kermouster","item":"https:\/\/comitedesfeteskermouster.fr\/"},{"@type":"ListItem","position":2,"name":"\u00c9v\u00e8nements","item":"https:\/\/comitedesfeteskermouster.fr\/index.php\/events\/"},{"@type":"ListItem","position":3,"name":"Vide-grenier 2025"}]},{"@type":"WebSite","@id":"https:\/\/comitedesfeteskermouster.fr\/#website","url":"https:\/\/comitedesfeteskermouster.fr\/","name":"Comit\u00e9 des F\u00eates de Kermouster","description":"","publisher":{"@id":"https:\/\/comitedesfeteskermouster.fr\/#organization"},"potentialAction":[{"@type":"SearchAction","target":{"@type":"EntryPoint","urlTemplate":"https:\/\/comitedesfeteskermouster.fr\/?s={search_term_string}"},"query-input":{"@type":"PropertyValueSpecification","valueRequired":true,"valueName":"search_term_string"}}],"inLanguage":"fr-FR"},{"@type":"Organization","@id":"https:\/\/comitedesfeteskermouster.fr\/#organization","name":"Comit\u00e9 des f\u00eates de Kermouster","url":"https:\/\/comitedesfeteskermouster.fr\/","logo":{"@type":"ImageObject","inLanguage":"fr-FR","@id":"https:\/\/comitedesfeteskermouster.fr\/#\/schema\/logo\/image\/","url":"https:\/\/i0.wp.com\/comitedesfeteskermouster.fr\/wp-content\/uploads\/2021\/12\/cropped-cropped-logo.png?fit=480%2C214&ssl=1","contentUrl":"https:\/\/i0.wp.com\/comitedesfeteskermouster.fr\/wp-content\/uploads\/2021\/12\/cropped-cropped-logo.png?fit=480%2C214&ssl=1","width":480,"height":214,"caption":"Comit\u00e9 des f\u00eates de Kermouster"},"image":{"@id":"https:\/\/comitedesfeteskermouster.fr\/#\/schema\/logo\/image\/"},"sameAs":["https:\/\/www.facebook.com\/comitedesfeteskermouster"]}]}},"jetpack_sharing_enabled":true,"jetpack_likes_enabled":true,"_links":{"self":[{"href":"https:\/\/comitedesfeteskermouster.fr\/index.php\/wp-json\/wp\/v2\/tribe_events\/1372","targetHints":{"allow":["GET"]}}],"collection":[{"href":"https:\/\/comitedesfeteskermouster.fr\/index.php\/wp-json\/wp\/v2\/tribe_events"}],"about":[{"href":"https:\/\/comitedesfeteskermouster.fr\/index.php\/wp-json\/wp\/v2\/types\/tribe_events"}],"author":[{"embeddable":true,"href":"https:\/\/comitedesfeteskermouster.fr\/index.php\/wp-json\/wp\/v2\/users\/3"}],"version-history":[{"count":6,"href":"https:\/\/comitedesfeteskermouster.fr\/index.php\/wp-json\/wp\/v2\/tribe_events\/1372\/revisions"}],"predecessor-version":[{"id":1385,"href":"https:\/\/comitedesfeteskermouster.fr\/index.php\/wp-json\/wp\/v2\/tribe_events\/1372\/revisions\/1385"}],"wp:attachment":[{"href":"https:\/\/comitedesfeteskermouster.fr\/index.php\/wp-json\/wp\/v2\/media?parent=1372"}],"wp:term":[{"taxonomy":"post_tag","embeddable":true,"href":"https:\/\/comitedesfeteskermouster.fr\/index.php\/wp-json\/wp\/v2\/tags?post=1372"},{"taxonomy":"tribe_events_cat","embeddable":true,"href":"https:\/\/comitedesfeteskermouster.fr\/index.php\/wp-json\/wp\/v2\/tribe_events_cat?post=1372"}],"curies":[{"name":"wp","href":"https:\/\/api.w.org\/{rel}","templated":true}]}}

<p>🤠 Le Comité des Fêtes de Kermouster a le plaisir de vous annoncer le retour de son vide-grenier champêtre : le <strong>dimanche 20 juillet 2025 de 9h à 18h</strong> !</p>
<p>🌻🐄 Venez nombreux à Kermouster, profiter de cette <strong>journée de brocante en plein air</strong> avec 75 exposants particuliers et professionnels (+ de 250 m linéaires), des animations pour toute la famille (des structures gonflables 🤸🛝 pour les enfants et le retour de l&rsquo;expo des 🚜 vieux tracteurs !), de la restauration, des crêpes et une buvette.</p>
<p>🙋 <strong>Exposants : </strong>Inscrivez-vous à partir du 15 juin, et avant le 15 juillet ! <strong>Emplacements nus de 25 m2 à 15€</strong> (espace de 5 x 5 m avec possibilité de garer votre véhicule sur place), soit 3€ le mètre linéaire.</p>
<p><em>Pour plus d’informations sur le déroulement de ce vide-grenier, <a href="https://comitedesfeteskermouster.fr/wp-content/uploads/2025/06/vide-grenier-CFK-2025-infos-pratiques.pdf" target="_blank" rel="noreferrer noopener">cliquez ici.</a> </em></p>
<p>📝 <strong>Réservez </strong>votre espace exposant dès maintenant, en complétant <strong>notre formulaire d&rsquo;inscription en ligne disponible ici</strong>.</p>

<p>🤠 Le Comité des Fêtes de Kermouster a le plaisir de vous annoncer le retour de son vide-grenier champêtre : le dimanche 20 juillet 2025 de 9h à 18h ! &hellip; <a href="https://comitedesfeteskermouster.fr/index.php/event/vide-grenier-2025/" class="more-link">Voulez-vous en savoir plus ? <span class="screen-reader-text">Vide-grenier 2025</span></a></p>

<!-- This site is optimized with the Yoast SEO plugin v27.5 - https://yoast.com/product/yoast-seo-wordpress/ -->
<title>Vide-grenier 2025 - Comité des Fêtes de Kermouster</title>
<meta name="description" content="Vide-grenier animé en plein air, dimanche 20 juillet 2025 de 9h à 18h, à Kermouster (Plougasnou). Exposants, inscrivez-vous en ligne !" />
<meta name="robots" content="index, follow, max-snippet:-1, max-image-preview:large, max-video-preview:-1" />
<link rel="canonical" href="https://comitedesfeteskermouster.fr/index.php/event/vide-grenier-2025/" />
<meta property="og:locale" content="fr_FR" />
<meta property="og:type" content="article" />
<meta property="og:title" content="Vide-grenier 2025 - Comité des Fêtes de Kermouster" />
<meta property="og:description" content="Vide-grenier animé en plein air, dimanche 20 juillet 2025 de 9h à 18h, à Kermouster (Plougasnou). Exposants, inscrivez-vous en ligne !" />
<meta property="og:url" content="https://comitedesfeteskermouster.fr/index.php/event/vide-grenier-2025/" />
<meta property="og:site_name" content="Comité des Fêtes de Kermouster" />
<meta property="article:publisher" content="https://www.facebook.com/comitedesfeteskermouster" />
<meta property="article:modified_time" content="2025-07-29T17:20:04+00:00" />
<meta property="og:image" content="https://i0.wp.com/comitedesfeteskermouster.fr/wp-content/uploads/2022/01/kermouster_mobile.png?fit=1071%2C489&ssl=1" />
	<meta property="og:image:width" content="1071" />
	<meta property="og:image:height" content="489" />
	<meta property="og:image:type" content="image/png" />
<meta name="twitter:card" content="summary_large_image" />
<meta name="twitter:label1" content="Durée de lecture estimée" />
	<meta name="twitter:data1" content="1 minute" />
<script type="application/ld+json" class="yoast-schema-graph">{"@context":"https:\/\/schema.org","@graph":[{"@type":"WebPage","@id":"https:\/\/comitedesfeteskermouster.fr\/index.php\/event\/vide-grenier-2025\/","url":"https:\/\/comitedesfeteskermouster.fr\/index.php\/event\/vide-grenier-2025\/","name":"Vide-grenier 2025 - Comité des Fêtes de Kermouster","isPartOf":{"@id":"https:\/\/comitedesfeteskermouster.fr\/#website"},"datePublished":"2025-06-11T17:28:42+00:00","dateModified":"2025-07-29T17:20:04+00:00","description":"Vide-grenier animé en plein air, dimanche 20 juillet 2025 de 9h à 18h, à Kermouster (Plougasnou). Exposants, inscrivez-vous en ligne !","breadcrumb":{"@id":"https:\/\/comitedesfeteskermouster.fr\/index.php\/event\/vide-grenier-2025\/#breadcrumb"},"inLanguage":"fr-FR","potentialAction":[{"@type":"ReadAction","target":["https:\/\/comitedesfeteskermouster.fr\/index.php\/event\/vide-grenier-2025\/"]}]},{"@type":"BreadcrumbList","@id":"https:\/\/comitedesfeteskermouster.fr\/index.php\/event\/vide-grenier-2025\/#breadcrumb","itemListElement":[{"@type":"ListItem","position":1,"name":"Accueil - Comité des Fêtes de Kermouster","item":"https:\/\/comitedesfeteskermouster.fr\/"},{"@type":"ListItem","position":2,"name":"Évènements","item":"https:\/\/comitedesfeteskermouster.fr\/index.php\/events\/"},{"@type":"ListItem","position":3,"name":"Vide-grenier 2025"}]},{"@type":"WebSite","@id":"https:\/\/comitedesfeteskermouster.fr\/#website","url":"https:\/\/comitedesfeteskermouster.fr\/","name":"Comité des Fêtes de Kermouster","description":"","publisher":{"@id":"https:\/\/comitedesfeteskermouster.fr\/#organization"},"potentialAction":[{"@type":"SearchAction","target":{"@type":"EntryPoint","urlTemplate":"https:\/\/comitedesfeteskermouster.fr\/?s={search_term_string}"},"query-input":{"@type":"PropertyValueSpecification","valueRequired":true,"valueName":"search_term_string"}}],"inLanguage":"fr-FR"},{"@type":"Organization","@id":"https:\/\/comitedesfeteskermouster.fr\/#organization","name":"Comité des fêtes de Kermouster","url":"https:\/\/comitedesfeteskermouster.fr\/","logo":{"@type":"ImageObject","inLanguage":"fr-FR","@id":"https:\/\/comitedesfeteskermouster.fr\/#\/schema\/logo\/image\/","url":"https:\/\/i0.wp.com\/comitedesfeteskermouster.fr\/wp-content\/uploads\/2021\/12\/cropped-cropped-logo.png?fit=480%2C214&ssl=1","contentUrl":"https:\/\/i0.wp.com\/comitedesfeteskermouster.fr\/wp-content\/uploads\/2021\/12\/cropped-cropped-logo.png?fit=480%2C214&ssl=1","width":480,"height":214,"caption":"Comité des fêtes de Kermouster"},"image":{"@id":"https:\/\/comitedesfeteskermouster.fr\/#\/schema\/logo\/image\/"},"sameAs":["https:\/\/www.facebook.com\/comitedesfeteskermouster"]}]}</script>
<!-- / Yoast SEO plugin. -->

Vide-grenier 2025 - Comité des Fêtes de Kermouster

Vide-grenier animé en plein air, dimanche 20 juillet 2025 de 9h à 18h, à Kermouster (Plougasnou). Exposants, inscrivez-vous en ligne !

Comité des Fêtes de Kermouster

Accueil - Comité des Fêtes de Kermouster

Évènements

Comité des fêtes de Kermouster
